{"id":2,"date":"2021-03-03T14:29:47","date_gmt":"2021-03-03T14:29:47","guid":{"rendered":"https:\/\/www.us-wirtschaftsberatung.de\/wordpress\/?page_id=2"},"modified":"2021-08-02T13:44:07","modified_gmt":"2021-08-02T13:44:07","slug":"sample-page","status":"publish","type":"page","link":"https:\/\/www.us-wirtschaftsberatung.de\/","title":{"rendered":""},"content":{"rendered":"\n<div class=\"wp-block-image\"><figure class=\"aligncenter size-large\"><img loading=\"lazy\" decoding=\"async\" width=\"375\" height=\"101\" src=\"https:\/\/www.us-wirtschaftsberatung.de\/wp-content\/uploads\/2021\/03\/us_wirtschaftsberatung_logo-1.gif\" alt=\"\" class=\"wp-image-193\"\/><\/figure><\/div>\n\n\n\n<p class=\"has-text-align-center\"><strong><span style=\"color:#032838\" class=\"has-inline-color\">Am Anfang jeder guten Partnerschaft steht das Vertrauen<\/span><\/strong><\/p>\n\n\n\n<p class=\"has-text-align-center\">Wir wissen, dass eine vertrauensvolle Beziehung nur dann entstehen kann, wenn wir die individuellen W\u00fcnsche<\/p>\n\n\n\n<p class=\"has-text-align-center\"> und Bed\u00fcrfnisse unserer Kunden t\u00e4glich zuverl\u00e4ssig und kompetent in die Tat umsetzen.<\/p>\n\n\n\n<p class=\"has-text-align-center\">Unser famili\u00e4r gef\u00fchrtes Unternehmen besteht seit 2001. Wir z\u00e4hlen zwar nicht zu den gro\u00dfen Beratungsunternehmen,<\/p>\n\n\n\n<p class=\"has-text-align-center\"> bieten Ihnen jedoch ein hohes Ma\u00df an Qualit\u00e4t, Professionalit\u00e4t und Know how.<\/p>\n\n\n\n<p class=\"has-text-align-center\"><\/p>\n\n\n\n<p class=\"has-text-align-center\"><\/p>\n\n\n\n<p><\/p>\n","protected":false},"excerpt":{"rendered":"<p>Am Anfang jeder guten Partnerschaft steht das Vertrauen Wir wissen, dass eine vertrauensvolle Beziehung nur dann entstehen kann, wenn wir die individuellen W\u00fcnsche und Bed\u00fcrfnisse unserer Kunden t\u00e4glich zuverl\u00e4ssig und &#8230;<\/p>\n","protected":false},"author":1,"featured_media":0,"parent":0,"menu_order":0,"comment_status":"closed","ping_status":"closed","template":"template-frontpage.php","meta":{"footnotes":""},"class_list":["post-2","page","type-page","status-publish","hentry"],"_links":{"self":[{"href":"https:\/\/www.us-wirtschaftsberatung.de\/index.php?rest_route=\/wp\/v2\/pages\/2","targetHints":{"allow":["GET"]}}],"collection":[{"href":"https:\/\/www.us-wirtschaftsberatung.de\/index.php?rest_route=\/wp\/v2\/pages"}],"about":[{"href":"https:\/\/www.us-wirtschaftsberatung.de\/index.php?rest_route=\/wp\/v2\/types\/page"}],"author":[{"embeddable":true,"href":"https:\/\/www.us-wirtschaftsberatung.de\/index.php?rest_route=\/wp\/v2\/users\/1"}],"replies":[{"embeddable":true,"href":"https:\/\/www.us-wirtschaftsberatung.de\/index.php?rest_route=%2Fwp%2Fv2%2Fcomments&post=2"}],"version-history":[{"count":19,"href":"https:\/\/www.us-wirtschaftsberatung.de\/index.php?rest_route=\/wp\/v2\/pages\/2\/revisions"}],"predecessor-version":[{"id":226,"href":"https:\/\/www.us-wirtschaftsberatung.de\/index.php?rest_route=\/wp\/v2\/pages\/2\/revisions\/226"}],"wp:attachment":[{"href":"https:\/\/www.us-wirtschaftsberatung.de\/index.php?rest_route=%2Fwp%2Fv2%2Fmedia&parent=2"}],"curies":[{"name":"wp","href":"https:\/\/api.w.org\/{rel}","templated":true}]}}